ate y(-11).
-11
Let y(u) = -204*u + 19367. What is y(95)?
-13
Let q(c) = 3*c**3 - 361*c**2 + 108*c + 1444. Determine q(120).
4
Let l(j) = 3*j**3 + 205*j**2 - 157*j - 1308. What is l(-69)?
3
Let l(n) = -n**3 - 120*n**2 + 351*n - 2218. What is l(-123)?
-4
Let a(o) = 2*o**3 - 52*o**2 + 95*o + 3. Determine a(24).
-21
Let q(d) = d**2 - 57*d + 762. What is q(22)?
-8
Let v(q) = -3*q**2 - 55*q - 3. What is v(-18)?
15
Let m(z) = z**3 + 27*z**2 - 73*z - 124. Calculate m(-29).
311
Let x(h) = 4*h**2 - 931*h - 1867. Determine x(-2).
11
Let j(x) = -11*x**2 - 70*x + 147. What is j(2)?
-37
Let i(w) = 44*w - 211. Determine i(4).
-35
Let l(d) = -4*d**2 + 96*d - 549. Calculate l(8).
-37
Let v(t) = -3*t**3 + 262*t**2 - 84*t - 282. Give v(87).
-21
Let i(t) = t**2 - 70*t + 597. What is i(60)?
-3
Let i(j) = -81*j - 599. Give i(-9).
130
Let f(q) = q**3 + 10*q**2 + 8*q - 3. What is f(-4)?
61
Let y(g) = 29*g + 1115. Give y(-38).
13
Let b(h) = 2*h**2 + 4*h - 171. What is b(-14)?
165
Let a(i) = -5235*i - 83775. Calculate a(-16).
-15
Let v(o) = -3*o**2 - 185*o + 49. Calculate v(-62).
-13
Let o(k) = -k**3 + 58*k**2 - 411*k + 537. What is o(50)?
-13
Let r(y) = 6*y**2 + 260*y - 1423. Give r(5).
27
Let j(o) = -o**3 + 23*o**2 - 116*o + 2. Give j(7).
-26
Let l(q) = 370*q - 7471. Give l(20).
-71
Let d(s) = -4*s**3 - 4*s**2 + 37*s - 87. Determine d(3).
-120
Let s(b) = -15*b**3 - 5*b**2 - 2*b - 2. Determine s(-2).
102
Let y(w) = -88*w + 3187. Give y(36).
19
Let b(r) = 19*r + 1162. Calculate b(-62).
-16
Let u(a) = a**2 - 190*a + 919. Give u(5).
-6
Let c(a) = 164*a**2 - 152*a - 13. Calculate c(1).
-1
Let v(x) = 26*x**2 + 125*x - 20. Determine v(-5).
5
Let r(g) = 233*g - 1397. Give r(6).
1
Let u(f) = -2*f**3 - 26*f**2 + 436*f + 5675. Calculate u(-14).
-37
Let u(f) = 3*f**3 + 5*f**2 - 25*f - 100. Calculate u(-4).
-112
Let k(r) = -9*r**2 - 73*r. What is k(1)?
-82
Let f(k) = -k**3 - 8*k**2 - 16*k + 31. Give f(-8).
159
Let h(q) = -156*q - 12. Determine h(0).
-12
Let l(h) = h**3 + 11*h**2 - 7*h - 39. Calculate l(-9).
186
Let b(i) = -46*i**2 - 6*i + 3. Determine b(1).
-49
Let c(n) = -n**3 - 10*n**2 - 162*n - 2235. Determine c(-12).
-3
Let w(k) = -14*k**2 + 105*k - 35. Calculate w(7).
14
Let q(n) = 15*n**2 - 569*n + 36. Calculate q(38).
74
Let g(l) = -l**2 - 7*l + 72. Calculate g(-18).
-126
Let a(g) = 231*g + 2355. Calculate a(-10).
45
Let v(q) = -q**2 - 3*q - 10. Calculate v(3).
-28
Let f(n) = -3*n**2 + 3*n + 17. Calculate f(0).
17
Let q(p) = 6*p**2 + 1000*p + 2995. What is q(-3)?
49
Let c(g) = 82*g + 573. Calculate c(-7).
-1
Let p(v) = 15*v + 332. What is p(-18)?
62
Let h(v) = 380*v + 701. What is h(-2)?
-59
Let s(o) = -45*o**2 - 26*o - 25. Determine s(-1).
-44
Let b(v) = -12*v**3 - 4*v**2 - 15*v - 41. Calculate b(-3).
292
Let b(h) = 6554*h + 85194. Calculate b(-13).
-8
Let u(s) = -49*s + 3722. What is u(81)?
-247
Let u(j) = 22*j - 321. Determine u(-8).
-497
Let u(m) = m**3 + 8*m**2 - 1762*m - 14086. Give u(-8).
10
Let z(c) = -41508*c + 373570. Calculate z(9).
-2
Let r(k) = -353*k - 711. What is r(-2)?
-5
Let o(c) = -2*c**2 - 27*c - 102. What is o(-8)?
-14
Let m(j) = -8*j**2 + 213*j - 1152. Calculate m(19).
7
Let k(z) = -z**2 - 33*z - 76. Give k(-6).
86
Let x(q) = 3*q**2 + 28*q + 27. Determine x(-7).
-22
Let w(x) = -68*x + 10. Calculate w(-2).
146
Let p(c) = 15*c - 1351. Give p(68).
-331
Let j(l) = -l**3 + 31*l**2 - 79*l - 62. What is j(28)?
78
Let r(l) = -l**3 - 12*l**2 - l - 14. What is r(-14)?
392
Let f(a) = 2*a**3 - 25*a**2 - 8*a + 18. Determine f(12).
-222
Let d(o) = 17*o + 214. Give d(-13).
-7
Let b(p) = -31*p + 102. What is b(-14)?
536
Let l(o) = o**3 + 16*o**2 - 40*o + 30. What is l(-18)?
102
Let m(z) = -z**3 - 17*z**2 - 24*z + 71. Calculate m(-10).
-389
Let q(g) = -2*g**2 + 7*g + 31. Determine q(5).
16
Let c(q) = 735*q - 4407. Calculate c(6).
3
Let z(f) = 6*f**3 - 144*f**2 + 15*f - 367. Calculate z(24).
-7
Let g(z) = -z**2 + 6*z + 90. What is g(-19)?
-385
Let z(m) = -3*m**2 - 106*m + 50. What is z(-36)?
-22
Let j(u) = -21174*u + 63522. What is j(3)?
0
Let i(p) = 7*p**3 + 14*p**2 + 3*p - 14. Calculate i(-4).
-250
Let p(g) = 3*g**2 + 168*g + 147. What is p(-55)?
-18
Let s(h) = 17*h**3 - 391*h**2 + 7*h - 163. What is s(23)?
-2
Let i(x) = 178*x + 32747. Calculate i(-184).
-5
Let s(d) = 6*d**3 - 16*d**2 - 12*d + 19. Determine s(3).
1
Let y(p) = p**2 - 30*p + 250. What is y(14)?
26
Let p(s) = 3*s**2 + 12*s + 24. What is p(-5)?
39
Let m(k) = 821*k + 18884. Calculate m(-23).
1
Let r(g) = -2*g**2 + 13*g - 38. What is r(6)?
-32
Let j(y) = -y**3 - 310*y**2 - 3588*y - 3584. Give j(-298).
-8
Let m(v) = v**3 - 18*v**2 - 33*v - 2. Determine m(20).
138
Let b(o) = 77*o - 5706. Determine b(74).
-8
Let m(a) = -12*a**2 - 60*a - 42. What is m(7)?
-1050
Let b(q) = q**2 - 17*q - 4. Determine b(10).
-74
Let m(f) = -f**2 + 30*f + 40. Calculate m(32).
-24
Let x(l) = 6*l - 247. Determine x(43).
11
Let c(q) = 7*q - 177. Give c(18).
-51
Let k(p) = -23*p**2 + 100*p - 384. Calculate k(4).
-352
Let h(b) = -b + 136. Calculate h(129).
7
Let z(k) = 2*k**3 + k**2 + 68*k - 196. What is z(4)?
220
Let u(n) = -27*n + 15. Calculate u(0).
15
Let b(z) = 19*z + 254. What is b(-17)?
-69
Let d(t) = 2*t**2 - 239*t - 5416. Determine d(139).
5
Let c(d) = 2*d**2 - 177*d + 1712. What is c(11)?
7
Let m(b) = -b**2 + 31*b + 20. What is m(34)?
-82
Let p(a) = -364*a**2 - 7*a + 3. Calculate p(1).
-368
Let u(l) = 223*l - 910. Give u(6).
428
Let z(o) = -9*o**2 - 108*o - 678. Give z(-6).
-354
Let z(c) = 3*c**2 - 1248*c + 2479. What is z(2)?
-5
Let w(u) = 577*u - 58. Determine w(-1).
-635
Let n(d) = -3*d**2 - 70*d - 136. Give n(-21).
11
Let b(l) = l**3 + 10*l**2 + 382*l + 4899. Give b(-12).
27
Let i(z) = 10*z**3 + 163*z**2 + 12*z + 33. What is i(-16)?
609
Let a(j) = 3*j**3 - 35*j**2 - 66*j - 435. Determine a(14).
13
Let g(v) = -5*v**2 + 22*v + 43. What is g(5)?
28
Let d(v) = 6*v**3 + 7*v**2 - 18*v - 5. Determine d(-4).
-205
Let p(r) = r**3 + r**2 - 109*r + 18. Determine p(10).
28
Let y(u) = 4*u**2 + 41*u - 121. What is y(-13)?
22
Let m(f) = f**3 - 14*f**2 - 22*f - 129. Determine m(16).
31
Let b(z) = -6*z + 47. What is b(23)?
-91
Let p(x) = 2*x**3 + 56*x**2 + 4*x + 86. Calculate p(-28).
-26
Let b(j) = 52*j + 331. Calculate b(-7).
-33
Let q(v) = 39*v - 17. What is q(-2)?
-95
Let n(k) = 14*k**2 - 237*k + 21. Calculate n(16).
-187
Let l(c) = -2*c**3 + 28*c**2 + 65*c - 15. Calculate l(16).
1
Let u(w) = 2*w**3 + 13*w**2 + 17*w + 4. Determine u(-5).
-6
Let h(i) = 283*i + 16. What is h(0)?
16
Let t(l) = l**3 - 42*l**2 - 34*l - 24. What is t(43)?
363
Let w(h) = -26*h**2 + 372*h - 18. What is w(8)?
1294
Let v(u) = -199*u + 2598. What is v(13)?
11
Let r(s) = 33*s**2 - 55*s - 144. Determine r(-2).
98
Let m(u) = -2*u**2 + 326*u - 6191. Calculate m(22).
13
Let o(r) = r**2 - 44*r + 182. Give o(4).
22
Let w(b) = b**3 - 15*b**2 + 7*b - 7. Calculate w(9).
-430
Let b(r) = -3*r**2 - 24*r + 5. Determine b(-6).
41
Let y(a) = a**3 + 13*a**2 + 14*a + 408. Determine y(-14).
16
Let g(a) = -a**3 - 22*a**2 - 9*a - 195. Determine g(-22).
3
Let v(k) = k**3 - k**2 - 7*k - 89. What is v(0)?
-89
Let c(f) = 224*f + 16793. Calculate c(-75).
-7
Let p(z) = 29*z**2 + 170*z - 171. Give p(1).
28
Let p(x) = -6*x**2 - 83*x - 64. Determine p(-13).
1
Let n(t) = t**2 - 107*t + 238. Give n(98).
-644
Let y(l) = -l**2 + 21*l + 143. Determine y(-11).
-209
Let m(w) = -31*w**2 + 126*w - 5. What is m(4)?
3
Let f(w) = 101*w + 12. Calculate f(-1).
-89
Let t(k) = -k**3 + 85*k**2 - 67*k - 1393. Give t(84).
35
Let k(t) = -t**3 - 92*t**2 - 2038*t - 96. Determine k(-55).
69
Let s(z) = 12*z - 427. Calculate s(35).
-7
Let l(c) = c**3 - 13*c**2 - 63*c + 8. What is l(-4)?
-12
Let n(a) = 361*a**3 - 4*a**2 + 2*a + 6. What is n(-1)?
-361
Let y(s) = 2*s**3 + 32*s**2 - 35*s + 51. Give y(-17).
68
Let t(r) = 135*r - 848. Determine t(6).
-38
Let x(j) = -2*j**3 + 3*j**2 + 28*j - 1. Give x(6).
-157
Let y(l) = -375*l - 671. Determine y(-2).
79
Let b(m) = 3*m**2 + 79*m - 1218. Determine b(11).
14
Let s(l) = l**2 - 449*l - 11378. What is s(-24)?
-26
Let t(o) = o**3 + 22*o**2 + 34*o - 18. Determine t(-20).
102
Let b(m) = -111*m**2 - 65*m + 66. Determine b(1).
-110
Let j(f) = -f**2 + 226*f - 10362. What is j(64)?
6
Let a(r) = -3*r**2 - 210*r + 1125. What is a(-75)?
0
Let y(m) = -m**2 - 244*m + 7592. Determine y